{"id":12,"date":"2021-06-02T22:36:39","date_gmt":"2021-06-02T20:36:39","guid":{"rendered":"http:\/\/enquetecitoyenneavallonnais.fr\/?page_id=12"},"modified":"2023-06-27T18:51:32","modified_gmt":"2023-06-27T16:51:32","slug":"lenquete","status":"publish","type":"page","link":"https:\/\/enquetecitoyenneavallonnais.fr\/index.php\/lenquete\/","title":{"rendered":"L&#8217;enqu\u00eate de 2020 &#8211; OLD"},"content":{"rendered":"<p>Dans le d\u00e9tail&#8230;<\/p>\n<nav data-toggle-icon=\"<i aria-hidden=&quot;true&quot; tabindex=&quot;0&quot; class=&quot;fas fa-align-justify&quot;><\/i>&#8221; data-close-icon=&#8221;<i aria-hidden=&quot;true&quot; tabindex=&quot;0&quot; class=&quot;far fa-window-close&quot;><\/i>&#8221; data-full-width=&#8221;yes&#8221;><\/p>\n<ul id=\"menu-1-a242159\">\n<li id=\"menu-item-92\"><a href=\"http:\/\/enquetecitoyenneavallonnais.fr\/index.php\/lenquete\/a-qui-a-repondu-a-lenquete\/\" class=\"hfe-menu-item\">A \u2013 Qui a r\u00e9pondu \u00e0 l\u2019enqu\u00eate<\/a><\/li>\n<li id=\"menu-item-91\"><a href=\"http:\/\/enquetecitoyenneavallonnais.fr\/index.php\/lenquete\/b-le-ressenti-global\/\" class=\"hfe-menu-item\">B \u2013 Le ressenti global<\/a><\/li>\n<li id=\"menu-item-90\"><a href=\"http:\/\/enquetecitoyenneavallonnais.fr\/index.php\/lenquete\/c-les-transports\/\" class=\"hfe-menu-item\">C \u2013 Les transports<\/a><\/li>\n<li id=\"menu-item-89\"><a href=\"http:\/\/enquetecitoyenneavallonnais.fr\/index.php\/lenquete\/d-courses-et-alimentation\/\" class=\"hfe-menu-item\">D \u2013 Courses et alimentation<\/a><\/li>\n<li id=\"menu-item-88\"><a href=\"http:\/\/enquetecitoyenneavallonnais.fr\/index.php\/lenquete\/e-logement\/\" class=\"hfe-menu-item\">E \u2013 Logement<\/a><\/li>\n<li id=\"menu-item-87\"><a href=\"http:\/\/enquetecitoyenneavallonnais.fr\/index.php\/lenquete\/f-education\/\" class=\"hfe-menu-item\">F \u2013 \u00c9ducation<\/a><\/li>\n<li id=\"menu-item-86\"><a href=\"http:\/\/enquetecitoyenneavallonnais.fr\/index.php\/lenquete\/g-telephonie-et-internet\/\" class=\"hfe-menu-item\">G \u2013 T\u00e9l\u00e9phonie et Internet<\/a><\/li>\n<li id=\"menu-item-85\"><a href=\"http:\/\/enquetecitoyenneavallonnais.fr\/index.php\/lenquete\/h-loisirs\/\" class=\"hfe-menu-item\">H \u2013 Loisirs<\/a><\/li>\n<li id=\"menu-item-84\"><a href=\"http:\/\/enquetecitoyenneavallonnais.fr\/index.php\/lenquete\/i-nature\/\" class=\"hfe-menu-item\">I \u2013 Nature<\/a><\/li>\n<li id=\"menu-item-83\"><a href=\"http:\/\/enquetecitoyenneavallonnais.fr\/index.php\/lenquete\/j-sante\/\" class=\"hfe-menu-item\">J \u2013 Sant\u00e9<\/a><\/li>\n<li id=\"menu-item-82\"><a href=\"http:\/\/enquetecitoyenneavallonnais.fr\/index.php\/lenquete\/k-elections\/\" class=\"hfe-menu-item\">K \u2013 \u00c9lections<\/a><\/li>\n<\/ul>\n<\/nav>\n<p>Conclusion de l&#8217;enqu\u00eate<\/p>\n<p>Les personnes qui ont r\u00e9pondu \u00e0 cette enqu\u00eate, d\u00e9clarent tr\u00e8s majoritairement aimer vivre, travailler et se divertir dans notre territoire de l\u2019Avallonnais Nord-Morvan. La vie est bonne ici. Il y a un fort attachement.<\/p>\n<p>En contrepoint \u00e0 cette appr\u00e9ciation positive, se d\u00e9gage un sentiment de d\u00e9laissement, d\u2019un territoire qui n\u2019est pas ma\u00eetre de sa destin\u00e9e, qui subit plus qu\u2019il n\u2019anticipe et impulse.<br \/>\nAinsi les grandes entreprises, les grandes institutions semblent avoir un rapport&nbsp; utilitaire, voire pr\u00e9dateur \u00e0 notre territoire; en tout cas elles sont peu \u00e0 l\u2019\u00e9coute, peu dans la concertation et la co-construction avec les habitants. En t\u00e9moignent la fermeture de SKF, le d\u00e9part de Conforama, l\u2019exploitation intensive des for\u00eats, l\u2019\u00e9tat des services de sant\u00e9 avec un h\u00f4pital d\u2019Avallon dont le service des Urgences est d\u00e9cri\u00e9, et le manque flagrant de sp\u00e9cialistes, ou encore la tension perp\u00e9tuelle sur le syst\u00e8me scolaire\u2026<\/p>\n<p>En parall\u00e8le au sentiment de d\u00e9laissement, un sentiment d\u2019impuissance voire de fatalisme ressort \u00e9galement (voir les <i>verbatim<\/i>), et il est fait assez peu mention d\u2019un volontarisme des \u00e9lus et institutions territoriales, quel qu\u2019en soit le niveau, r\u00e9gional, d\u00e9partemental, communautaire, local. Il est difficile de dire s\u2019il s\u2019agit d\u2019une information ou d\u2019une communication d\u00e9faillante de leur part, ou s\u2019il s\u2019agit d\u2019une inad\u00e9quation entre politiques men\u00e9es et besoins r\u00e9els des territoires.<\/p>\n<p>On peut souligner toutefois, que les associations et par l\u00e0 m\u00eame les habitants sont acteurs et remplissent les \u201cvides\u201d institutionnels, pour partie en tout cas, par les r\u00e9seaux d\u2019entraide formels et informels, comme des circuits courts alimentaires, ou des associations culturelles notamment\u2026<br \/>\nToutefois, cela reste inop\u00e9rant et insuffisant pour ce qui est du \u201cvide\u201d sanitaire (difficile de palier par soi-m\u00eame le manque de dentistes, de gyn\u00e9cologues\u2026 ou encore la raret\u00e9 des alternatives au v\u00e9hicule personnel.)<br \/>\nPeut \u00eatre services et commerces doivent-ils retrouver le sens des mots itin\u00e9rance et proximit\u00e9 pour que nos territoires puissent, pour longtemps encore, satisfaire jeunes et moins jeunes dans leurs besoins essentiels : se nourrir, \u00eatre en bonne sant\u00e9, apprendre, travailler, se divertir&#8230; sans avoir \u00e0 parcourir de nombreux kilom\u00e8tres chaque mois, ou \u00eatre contraint \u00e0 l\u2019exil vers les centres urbains, concourant ainsi \u00e0 un mouvement entropique vidant les \u201ccampagnes\u201d, au profit des \u201cpleins\u201d urbains.<\/p>\n<p>Notre territoire, \u00e9tant d\u00e9j\u00e0 r\u00e9pertori\u00e9 comme faisant partie de la \u201cdiagonale du vide\u201d par les g\u00e9ographes et sociologues, doit se pr\u00e9munir \u00e0 l\u2019avenir de n\u2019\u00eatre qu\u2019un r\u00e9servoir sp\u00e9cialis\u00e9 de mati\u00e8res premi\u00e8res (\u00e9levage et bois de r\u00e9sineux), et un espace r\u00e9cr\u00e9atif de masse lors des vacances, pour rester un lieu de vie et d\u2019\u00e9panouissement pour la diversit\u00e9 de ses habitants.&nbsp;<\/p>\n<p>Le tourisme est vital pour notre r\u00e9gion, mais ne doit pas faire oublier que d\u2019autres voies sont possibles pour r\u00e9veiller une \u00e9conomie locale au service des habitants : \u00e9piciers ambulants, mara\u00eechers, infirmiers, dentistes itin\u00e9rants, services de voitures en partage\u2026&nbsp;<\/p>\n<p><strong>Puissent les futurs ex\u00e9cutifs r\u00e9gionaux, d\u00e9partementaux, locaux, entendre ce qui est modestement rapport\u00e9 par cette enqu\u00eate, qui rappelons-le ne pr\u00e9tend pas \u00e0 l&#8217;exhaustivit\u00e9, ni \u00e0 la pr\u00e9cision d\u2019une enqu\u00eate men\u00e9e par les instituts habituels, mais qui a \u00e9t\u00e9 men\u00e9e avec rigueur et passion par de simples habitants de ce beau et riche territoire de l\u2019Avallonnais et du Nord-Morvan.<\/strong><br \/>\n<strong>Des habitants qui entendent bien y vivre une vie pleine, longue et agr\u00e9able, et porter leur appui \u00e0 toute initiative positive pouvant y concourir&#8230;<\/strong><\/p>\n<p><a href=\"https:\/\/enquetecitoyenneavallonnais.fr\/index.php\/en-reponses-aux-resultats-de-lenquete\/\" role=\"button\"><br \/>\nEn r\u00e9ponses aux r\u00e9sultats de l&#8217;enqu\u00eate<br \/>\n<\/a><\/p>\n","protected":false},"excerpt":{"rendered":"<p>Dans le d\u00e9tail&#8230;<\/p>\n","protected":false},"author":1,"featured_media":0,"parent":0,"menu_order":0,"comment_status":"closed","ping_status":"closed","template":"","meta":{"footnotes":""},"class_list":["post-12","page","type-page","status-publish","hentry"],"_links":{"self":[{"href":"https:\/\/enquetecitoyenneavallonnais.fr\/index.php\/wp-json\/wp\/v2\/pages\/12","targetHints":{"allow":["GET"]}}],"collection":[{"href":"https:\/\/enquetecitoyenneavallonnais.fr\/index.php\/wp-json\/wp\/v2\/pages"}],"about":[{"href":"https:\/\/enquetecitoyenneavallonnais.fr\/index.php\/wp-json\/wp\/v2\/types\/page"}],"author":[{"embeddable":true,"href":"https:\/\/enquetecitoyenneavallonnais.fr\/index.php\/wp-json\/wp\/v2\/users\/1"}],"replies":[{"embeddable":true,"href":"https:\/\/enquetecitoyenneavallonnais.fr\/index.php\/wp-json\/wp\/v2\/comments?post=12"}],"version-history":[{"count":34,"href":"https:\/\/enquetecitoyenneavallonnais.fr\/index.php\/wp-json\/wp\/v2\/pages\/12\/revisions"}],"predecessor-version":[{"id":655,"href":"https:\/\/enquetecitoyenneavallonnais.fr\/index.php\/wp-json\/wp\/v2\/pages\/12\/revisions\/655"}],"wp:attachment":[{"href":"https:\/\/enquetecitoyenneavallonnais.fr\/index.php\/wp-json\/wp\/v2\/media?parent=12"}],"curies":[{"name":"wp","href":"https:\/\/api.w.org\/{rel}","templated":true}]}}

L&#8217;enquête de 2020 &#8211; OLD

<p>Dans le détail&#8230;</p>
<nav data-toggle-icon="<i aria-hidden=&quot;true&quot; tabindex=&quot;0&quot; class=&quot;fas fa-align-justify&quot;></i>&#8221; data-close-icon=&#8221;<i aria-hidden=&quot;true&quot; tabindex=&quot;0&quot; class=&quot;far fa-window-close&quot;></i>&#8221; data-full-width=&#8221;yes&#8221;></p>
<ul id="menu-1-a242159">
<li id="menu-item-92"><a href="http://enquetecitoyenneavallonnais.fr/index.php/lenquete/a-qui-a-repondu-a-lenquete/" class="hfe-menu-item">A – Qui a répondu à l’enquête</a></li>
<li id="menu-item-91"><a href="http://enquetecitoyenneavallonnais.fr/index.php/lenquete/b-le-ressenti-global/" class="hfe-menu-item">B – Le ressenti global</a></li>
<li id="menu-item-90"><a href="http://enquetecitoyenneavallonnais.fr/index.php/lenquete/c-les-transports/" class="hfe-menu-item">C – Les transports</a></li>
<li id="menu-item-89"><a href="http://enquetecitoyenneavallonnais.fr/index.php/lenquete/d-courses-et-alimentation/" class="hfe-menu-item">D – Courses et alimentation</a></li>
<li id="menu-item-88"><a href="http://enquetecitoyenneavallonnais.fr/index.php/lenquete/e-logement/" class="hfe-menu-item">E – Logement</a></li>
<li id="menu-item-87"><a href="http://enquetecitoyenneavallonnais.fr/index.php/lenquete/f-education/" class="hfe-menu-item">F – Éducation</a></li>
<li id="menu-item-86"><a href="http://enquetecitoyenneavallonnais.fr/index.php/lenquete/g-telephonie-et-internet/" class="hfe-menu-item">G – Téléphonie et Internet</a></li>
<li id="menu-item-85"><a href="http://enquetecitoyenneavallonnais.fr/index.php/lenquete/h-loisirs/" class="hfe-menu-item">H – Loisirs</a></li>
<li id="menu-item-84"><a href="http://enquetecitoyenneavallonnais.fr/index.php/lenquete/i-nature/" class="hfe-menu-item">I – Nature</a></li>
<li id="menu-item-83"><a href="http://enquetecitoyenneavallonnais.fr/index.php/lenquete/j-sante/" class="hfe-menu-item">J – Santé</a></li>
<li id="menu-item-82"><a href="http://enquetecitoyenneavallonnais.fr/index.php/lenquete/k-elections/" class="hfe-menu-item">K – Élections</a></li>
</ul>
</nav>
<p>Conclusion de l&#8217;enquête</p>
<p>Les personnes qui ont répondu à cette enquête, déclarent très majoritairement aimer vivre, travailler et se divertir dans notre territoire de l’Avallonnais Nord-Morvan. La vie est bonne ici. Il y a un fort attachement.</p>
<p>En contrepoint à cette appréciation positive, se dégage un sentiment de délaissement, d’un territoire qui n’est pas maître de sa destinée, qui subit plus qu’il n’anticipe et impulse.<br />
Ainsi les grandes entreprises, les grandes institutions semblent avoir un rapport&nbsp; utilitaire, voire prédateur à notre territoire; en tout cas elles sont peu à l’écoute, peu dans la concertation et la co-construction avec les habitants. En témoignent la fermeture de SKF, le départ de Conforama, l’exploitation intensive des forêts, l’état des services de santé avec un hôpital d’Avallon dont le service des Urgences est décrié, et le manque flagrant de spécialistes, ou encore la tension perpétuelle sur le système scolaire…</p>
<p>En parallèle au sentiment de délaissement, un sentiment d’impuissance voire de fatalisme ressort également (voir les <i>verbatim</i>), et il est fait assez peu mention d’un volontarisme des élus et institutions territoriales, quel qu’en soit le niveau, régional, départemental, communautaire, local. Il est difficile de dire s’il s’agit d’une information ou d’une communication défaillante de leur part, ou s’il s’agit d’une inadéquation entre politiques menées et besoins réels des territoires.</p>
<p>On peut souligner toutefois, que les associations et par là même les habitants sont acteurs et remplissent les “vides” institutionnels, pour partie en tout cas, par les réseaux d’entraide formels et informels, comme des circuits courts alimentaires, ou des associations culturelles notamment…<br />
Toutefois, cela reste inopérant et insuffisant pour ce qui est du “vide” sanitaire (difficile de palier par soi-même le manque de dentistes, de gynécologues… ou encore la rareté des alternatives au véhicule personnel.)<br />
Peut être services et commerces doivent-ils retrouver le sens des mots itinérance et proximité pour que nos territoires puissent, pour longtemps encore, satisfaire jeunes et moins jeunes dans leurs besoins essentiels : se nourrir, être en bonne santé, apprendre, travailler, se divertir&#8230; sans avoir à parcourir de nombreux kilomètres chaque mois, ou être contraint à l’exil vers les centres urbains, concourant ainsi à un mouvement entropique vidant les “campagnes”, au profit des “pleins” urbains.</p>
<p>Notre territoire, étant déjà répertorié comme faisant partie de la “diagonale du vide” par les géographes et sociologues, doit se prémunir à l’avenir de n’être qu’un réservoir spécialisé de matières premières (élevage et bois de résineux), et un espace récréatif de masse lors des vacances, pour rester un lieu de vie et d’épanouissement pour la diversité de ses habitants.&nbsp;</p>
<p>Le tourisme est vital pour notre région, mais ne doit pas faire oublier que d’autres voies sont possibles pour réveiller une économie locale au service des habitants : épiciers ambulants, maraîchers, infirmiers, dentistes itinérants, services de voitures en partage…&nbsp;</p>
<p><strong>Puissent les futurs exécutifs régionaux, départementaux, locaux, entendre ce qui est modestement rapporté par cette enquête, qui rappelons-le ne prétend pas à l&#8217;exhaustivité, ni à la précision d’une enquête menée par les instituts habituels, mais qui a été menée avec rigueur et passion par de simples habitants de ce beau et riche territoire de l’Avallonnais et du Nord-Morvan.</strong><br />
<strong>Des habitants qui entendent bien y vivre une vie pleine, longue et agréable, et porter leur appui à toute initiative positive pouvant y concourir&#8230;</strong></p>
<p><a href="https://enquetecitoyenneavallonnais.fr/index.php/en-reponses-aux-resultats-de-lenquete/" role="button"><br />
En réponses aux résultats de l&#8217;enquête<br />
</a></p>

<p>Dans le détail&#8230;</p>
